{"id":1462,"date":"2021-01-18T12:16:20","date_gmt":"2021-01-18T12:16:20","guid":{"rendered":"https:\/\/zbjl.hr\/donacija\/?post_type=product&#038;p=1462"},"modified":"2021-01-18T15:32:22","modified_gmt":"2021-01-18T15:32:22","slug":"cd-kako-nadvladati-strah","status":"publish","type":"product","link":"https:\/\/zbjl.hr\/donacija\/artikl\/cd-kako-nadvladati-strah\/","title":{"rendered":"CD \/ Kako Nadvladati Strah"},"content":{"rendered":"<p>CD \/ Kako nadvladati strah<\/p>\n<p>p. Mijo Niki\u0107 SJ<\/p>\n<p>Psiholo\u0161ko-duhovni pristup<\/p>\n<p>Teorijske \u010dinjenice i prakti\u010dni savjeti<\/p>\n<ul>\n<li>Pozitivni u\u010dinci straha<\/li>\n<li>Upoznati sebe<\/li>\n<li>Prihvatiti sebe<\/li>\n<li>Voljeti sebe<\/li>\n<li>Ustrajati i biti aktivan<\/li>\n<li>\u017divjeti u istini<\/li>\n<li>Otkriti i \u017eivjeti Bo\u017eji plan za svoj \u017eivot<\/li>\n<li>Imati prijatelja<\/li>\n<li>Promijeniti kriva iracionalna vjerovanja<\/li>\n<li>Vje\u017ebati tehnike opu\u0161tanja<\/li>\n<li>Kako nadvladati strah od smrti<\/li>\n<li>Ne brinite se tjeskobno<\/li>\n<\/ul>\n<p>Poslu\u0161ajte neke audio isje\u010dke:<\/p>\n","protected":false},"excerpt":{"rendered":"<p>CD \/ Kako nadvladati strah p. Mijo Niki\u0107 SJ Psiholo\u0161ko-duhovni pristup Teorijske \u010dinjenice i prakti\u010dni savjeti Pozitivni u\u010dinci straha Upoznati sebe Prihvatiti sebe Voljeti sebe Ustrajati i biti aktivan \u017divjeti u istini Otkriti i \u017eivjeti Bo\u017eji plan za svoj \u017eivot Imati prijatelja Promijeniti kriva iracionalna vjerovanja Vje\u017ebati tehnike opu\u0161tanja Kako nadvladati strah od smrti Ne [&hellip;]<\/p>\n","protected":false},"featured_media":1495,"template":"","meta":{"_seopress_robots_primary_cat":"","_seopress_titles_title":"","_seopress_titles_desc":"","_seopress_robots_index":""},"product_cat":[87],"product_tag":[],"class_list":["post-1462","product","type-product","status-publish","has-post-thumbnail","hentry","product_cat-cd"],"_links":{"self":[{"href":"https:\/\/zbjl.hr\/donacija\/wp-json\/wp\/v2\/product\/1462","targetHints":{"allow":["GET"]}}],"collection":[{"href":"https:\/\/zbjl.hr\/donacija\/wp-json\/wp\/v2\/product"}],"about":[{"href":"https:\/\/zbjl.hr\/donacija\/wp-json\/wp\/v2\/types\/product"}],"wp:featuredmedia":[{"embeddable":true,"href":"https:\/\/zbjl.hr\/donacija\/wp-json\/wp\/v2\/media\/1495"}],"wp:attachment":[{"href":"https:\/\/zbjl.hr\/donacija\/wp-json\/wp\/v2\/media?parent=1462"}],"wp:term":[{"taxonomy":"product_cat","embeddable":true,"href":"https:\/\/zbjl.hr\/donacija\/wp-json\/wp\/v2\/product_cat?post=1462"},{"taxonomy":"product_tag","embeddable":true,"href":"https:\/\/zbjl.hr\/donacija\/wp-json\/wp\/v2\/product_tag?post=1462"}],"curies":[{"name":"wp","href":"https:\/\/api.w.org\/{rel}","templated":true}]}}