{"id":1479,"date":"2021-01-18T13:02:07","date_gmt":"2021-01-18T13:02:07","guid":{"rendered":"https:\/\/zbjl.hr\/donacija\/?post_type=product&#038;p=1479"},"modified":"2021-01-18T15:46:06","modified_gmt":"2021-01-18T15:46:06","slug":"cd-vukovar","status":"publish","type":"product","link":"https:\/\/zbjl.hr\/donacija\/artikl\/cd-vukovar\/","title":{"rendered":"CD \/ Vukovar"},"content":{"rendered":"<p>CD \/ Vukovar<\/p>\n<p>Vele\u010dasni Zlatko Sudac<\/p>\n<ol>\n<li>Kako sam dobio sve\u0107eni\u010dki poziv i ostale darove<\/li>\n<li>Propovijed u crkvi Sv. Filipa i Jakova u Vukovaru 13.10.2002.<\/li>\n<li>Govor na groblju u Vukovaru 13.10.2002.<\/li>\n<\/ol>\n<p>Gitara i vokal: Ivan Pulji\u0107<\/p>\n<p>Trajanje: 1:03:00<\/p>\n<p>Prema izri\u010ditoj \u017eelji vl\u010d. Zlatka Sudca, koji je tako\u0111er \u010dlan Zaklade, sav prihod od prodaje ovog CD-a ide u korist Zaklade &#8220;Biskup Josip Lang&#8221; koja se brine za stare, bolesne i nemo\u0107ne osobe.<\/p>\n<p>Poslu\u0161ajte neke audio isje\u010dke:<\/p>\n","protected":false},"excerpt":{"rendered":"<p>CD \/ Vukovar Vele\u010dasni Zlatko Sudac Kako sam dobio sve\u0107eni\u010dki poziv i ostale darove Propovijed u crkvi Sv. Filipa i Jakova u Vukovaru 13.10.2002. Govor na groblju u Vukovaru 13.10.2002. Gitara i vokal: Ivan Pulji\u0107 Trajanje: 1:03:00 Prema izri\u010ditoj \u017eelji vl\u010d. Zlatka Sudca, koji je tako\u0111er \u010dlan Zaklade, sav prihod od prodaje ovog CD-a ide [&hellip;]<\/p>\n","protected":false},"featured_media":1508,"template":"","meta":{"_seopress_robots_primary_cat":"","_seopress_titles_title":"","_seopress_titles_desc":"","_seopress_robots_index":""},"product_cat":[87],"product_tag":[],"class_list":["post-1479","product","type-product","status-publish","has-post-thumbnail","hentry","product_cat-cd"],"_links":{"self":[{"href":"https:\/\/zbjl.hr\/donacija\/wp-json\/wp\/v2\/product\/1479","targetHints":{"allow":["GET"]}}],"collection":[{"href":"https:\/\/zbjl.hr\/donacija\/wp-json\/wp\/v2\/product"}],"about":[{"href":"https:\/\/zbjl.hr\/donacija\/wp-json\/wp\/v2\/types\/product"}],"wp:featuredmedia":[{"embeddable":true,"href":"https:\/\/zbjl.hr\/donacija\/wp-json\/wp\/v2\/media\/1508"}],"wp:attachment":[{"href":"https:\/\/zbjl.hr\/donacija\/wp-json\/wp\/v2\/media?parent=1479"}],"wp:term":[{"taxonomy":"product_cat","embeddable":true,"href":"https:\/\/zbjl.hr\/donacija\/wp-json\/wp\/v2\/product_cat?post=1479"},{"taxonomy":"product_tag","embeddable":true,"href":"https:\/\/zbjl.hr\/donacija\/wp-json\/wp\/v2\/product_tag?post=1479"}],"curies":[{"name":"wp","href":"https:\/\/api.w.org\/{rel}","templated":true}]}}