{"id":1488,"date":"2021-01-18T13:10:08","date_gmt":"2021-01-18T13:10:08","guid":{"rendered":"https:\/\/zbjl.hr\/donacija\/?post_type=product&#038;p=1488"},"modified":"2021-01-18T15:52:13","modified_gmt":"2021-01-18T15:52:13","slug":"dvd-ne-boj-se-bog-te-voli","status":"publish","type":"product","link":"https:\/\/zbjl.hr\/donacija\/artikl\/dvd-ne-boj-se-bog-te-voli\/","title":{"rendered":"DVD \/ Ne Boj se, Bog te Voli!"},"content":{"rendered":"<p>DVD \/ Ne boj se, Bog te voli!<\/p>\n<p>KARIZMATSKI SUSRET DU\u0160EVNOG I TJELESNOG OZDRAVLJENJA<\/p>\n<p>Seminar vl\u010d. Zlatka Sudca u Be\u010du (26. &#8211; 28.10.2007.) Crkva Sv. Mihaela<\/p>\n<p>1. Propovijed vl\u010d. Zlatka Sudca:<\/p>\n<ul>\n<li>Tri temelja katoli\u010dke vjere: EUHARISTIJA &#8211; MARIJA &#8211; PAPA<\/li>\n<li>Snaga vjere i ljubavi<\/li>\n<li>Blagoslov s presvetim sakramentom<\/li>\n<li>Molitve, pro\u0161nje i zahvaljivanja<\/li>\n<\/ul>\n<p>2. Govor Cvitka Male\u0161a:<\/p>\n<ul>\n<li>Kr\u0161\u0107anska radost<\/li>\n<\/ul>\n<p>3. Razmatranje p. Mije Niki\u0107a:<\/p>\n<ul>\n<li>Vjerom protiv straha<\/li>\n<\/ul>\n<p>Glazbena pratnja tijekom seminara: Maja Blagdan i Ivan Pulji\u0107<\/p>\n","protected":false},"excerpt":{"rendered":"<p>DVD \/ Ne boj se, Bog te voli! KARIZMATSKI SUSRET DU\u0160EVNOG I TJELESNOG OZDRAVLJENJA Seminar vl\u010d. Zlatka Sudca u Be\u010du (26. &#8211; 28.10.2007.) Crkva Sv. Mihaela 1. Propovijed vl\u010d. Zlatka Sudca: Tri temelja katoli\u010dke vjere: EUHARISTIJA &#8211; MARIJA &#8211; PAPA Snaga vjere i ljubavi Blagoslov s presvetim sakramentom Molitve, pro\u0161nje i zahvaljivanja 2. Govor Cvitka [&hellip;]<\/p>\n","protected":false},"featured_media":1515,"template":"","meta":{"_seopress_robots_primary_cat":"","_seopress_titles_title":"","_seopress_titles_desc":"","_seopress_robots_index":""},"product_cat":[88],"product_tag":[],"class_list":["post-1488","product","type-product","status-publish","has-post-thumbnail","hentry","product_cat-dvd"],"_links":{"self":[{"href":"https:\/\/zbjl.hr\/donacija\/wp-json\/wp\/v2\/product\/1488","targetHints":{"allow":["GET"]}}],"collection":[{"href":"https:\/\/zbjl.hr\/donacija\/wp-json\/wp\/v2\/product"}],"about":[{"href":"https:\/\/zbjl.hr\/donacija\/wp-json\/wp\/v2\/types\/product"}],"wp:featuredmedia":[{"embeddable":true,"href":"https:\/\/zbjl.hr\/donacija\/wp-json\/wp\/v2\/media\/1515"}],"wp:attachment":[{"href":"https:\/\/zbjl.hr\/donacija\/wp-json\/wp\/v2\/media?parent=1488"}],"wp:term":[{"taxonomy":"product_cat","embeddable":true,"href":"https:\/\/zbjl.hr\/donacija\/wp-json\/wp\/v2\/product_cat?post=1488"},{"taxonomy":"product_tag","embeddable":true,"href":"https:\/\/zbjl.hr\/donacija\/wp-json\/wp\/v2\/product_tag?post=1488"}],"curies":[{"name":"wp","href":"https:\/\/api.w.org\/{rel}","templated":true}]}}